 17*z - 3. Let r be q(9). Give l(r).
8
Let t(i) = 3*i**2 + 2*i - 2. Let u(l) be the first derivative of l**4/4 - 8*l**3/3 + 7*l**2 + 3*l + 21. Let c be u(5). Calculate t(c).
6
Let m(u) = 6*u**2 + 2*u - 11*u**2 + 158 - 157 + u**3. What is m(5)?
11
Let f(m) = -m**2 - m + 3. Let s be f(0). Suppose w + 0*r + 8 = r, 0 = -3*w - s*r - 6. Let g(b) = b**2 + 3*b - 2. Calculate g(w).
8
Let u be (2 - 1)*(7 - 7 - -6). Let c(w) = -w**2 + 6*w. Calculate c(u).
0
Suppose 4*b + 3*u - 11 = 1, 0 = -u + 4. Let d be (3 - (b + 3)) + 1. Let n(w) be the second derivative of w**4/12 - w**3/6 - w. Determine n(d).
0
Let z = 35 - 10. Suppose -5*w = k - z, -3 = w - 3*k + 8. Let t(b) = b**2 - 5*b + 6. What is t(w)?
2
Let d(l) = -l**3 + 6*l**2 + 8*l - 6. Let p be 2/(10*5/175). Calculate d(p).
1
Let s(m) = m**2 + 25*m + 16. Let v be s(-24). Let w(z) = -z**2 - 7*z + 17. What is w(v)?
9
Let k(d) = -d**2 - 4*d**2 + 7*d**2 + 0*d - 2*d - 1. What is k(-1)?
3
Let b(x) = x**2 + x. Let g be b(0). Let i(v) = g*v - 3 + v + 1. Suppose 0 = 4*z + 2*k + 12, 5*z + 0*k = -2*k - 17. What is i(z)?
-7
Suppose 625*z = 640*z + 135. Let g(a) = 3*a - 11*a + 27*a**2 + 2 - 28*a**2. What is g(z)?
-7
Suppose -2*c - 5 = 3*c. Let m(x) = -8*x**3 - x - 1. Give m(c).
8
Let a(u) = -19*u**2 + 2*u**2 - 11*u**2. Calculate a(1).
-28
Let j(x) = 3*x - 7. Suppose -2*h + 2 + 8 = 0. Let k be j(h). Let v(f) = 1 + 0 - 10*f - 4*f + k*f. Determine v(-1).
7
Let f(j) = -j**3 + 11*j**2 - 11*j + 5. Let z be 22 + -5 + 10 + -17. Give f(z).
-5
Suppose -k + 6*k - 123 = -4*n, 5*k + 5*n = 125. Suppose -k*c + 28*c + 15 = 0. Let j(r) = -r - 2*r + 0*r. Calculate j(c).
9
Let x(o) = 1. Let h(b) be the first derivative of -5*b + 1/2*b**2 - 5. Let q(n) = -h(n) - 2*x(n). Calculate q(6).
-3
Suppose -6 = 5*w + 44. Let c be w*(-2 + 20/8). Let k(b) = 0*b + 3 + 7 + b. Determine k(c).
5
Let l(z) be the second derivative of z**4/12 - 7*z**3/6 + 9*z**2/2 + 2*z - 8. Calculate l(4).
-3
Let g(i) = i**3 + 2*i**2 + i + 2. Suppose 2*d + 41 = -5*s, -3*d + 2*s = -4*d - 18. Let r be (2 - d)/(16/8). Suppose r*h = h - 8. Calculate g(h).
0
Let n(p) = -5*p**2 + 11*p - 2. Let u(q) = -q**2 - 2. Let m(r) = -n(r) + 6*u(r). Determine m(-10).
0
Let c(l) = 76 - 2*l - 97 + 66. Calculate c(19).
7
Suppose -5*v = 3*m + 71, -3*v + 9*m - 8*m - 37 = 0. Let d(a) = -a - 8. Calculate d(v).
5
Let p(x) = -8*x - 3 + x**2 + 2 - 3. Suppose 0 = -6*d + 8*d - 3*h - 3, 2*h + 8 = 2*d. What is p(d)?
5
Let o be 38/12 - (8 + 225/(-27)). Let y(t) be the second derivative of 1/6*t**3 + 4*t - o*t**2 + 0. Give y(6).
-1
Suppose -10*b - 36 = -26. Let k(n) = -2*n**2. What is k(b)?
-2
Suppose -4*g + 0*g = -12. Suppose g*o + 3*o = -24. Let s(x) = 2*x - 1. What is s(o)?
-9
Let v(m) = -6*m + 6. Let q(x) = -x + 1. Let w(k) = -15*q(k) + 2*v(k). Let n be (12/(-20) + (-26)/(-10))*-24. Let g = n + 51. What is w(g)?
6
Let i(r) = r**3 - 5*r**2 + 6*r - 6. Suppose -3*s + 4*z = -0*z - 59, -z = -2*s + 31. Let o = 33 - s. Suppose 0 = -0*g - 5*g + o. Calculate i(g).
2
Let q(n) = n**2 - 13*n + 5. Let a be q(13). Let v = 13 + a. Let d(w) = v*w**3 + 14*w**3 - 31*w**3. Give d(0).
0
Let n(v) = -3*v - 185. Let w(s) = -s - 57. Let x(p) = 6*n(p) - 19*w(p). Calculate x(8).
-19
Let m(s) = s**2 - 8*s - 2. Suppose 0 = -4*c - 3*b + 3, 2*c + 2*b = 2. Suppose -4*j = -3*j + 2*q - 3, c = -5*j + q + 37. Calculate m(j).
-9
Let q(p) = 15*p**2 + 33*p - 1. Let w(g) = 7*g**2 + 16*g - 1. Let c(f) = -6*q(f) + 13*w(f). Suppose l + 14*k - 18*k + 31 = 0, 0 = 4*k - 20. Give c(l).
4
Let l(g) = 2*g + g**2 - 25*g + 4*g - 28 + 15*g. What is l(8)?
4
Suppose 6*y = -7*d + 3*d + 36, 0 = 2*d - 2*y - 8. Let f(p) = p**3 - 6*p**2 - 3*p - 7. Give f(d).
-25
Let o(p) = 8 + 3*p + 6*p - 11*p + 6*p. Give o(5).
28
Suppose 5*l = 25, -4*l + 36 = -2*o - 2. Let b(f) = -7*f**2 + 98*f + 9. Let u(d) = -2*d**2 + 26*d + 3. Let x(v) = -3*b(v) + 11*u(v). Give x(o).
-3
Suppose -3*m = -5*m + 6. Suppose -m*j - 10 = r - 40, 3*j - r - 36 = 0. Suppose -j + 2 = -3*k. Let p(h) = -h**3 + 3*h**2 + 3*h - 1. What is p(k)?
8
Suppose -j = -2*m + 13, -32*m + 28 = -27*m + 2*j. Let h(l) = -l**3 + 5*l**2 + 7*l + 4. Calculate h(m).
10
Let k(u) = 28*u - 21. Let l(j) = -18*j + 13. Let h(q) = -5*k(q) - 8*l(q). Give h(4).
17
Let z(h) = 6*h - 8. Let u = -2675 - -2678. Determine z(u).
10
Let q(n) = 6*n**3 - 5*n - 4. Let j(x) = -x**2 - 11*x - 5. Let i be j(-10). Let k(u) = 12*u**3 - 9*u - 7. Let w(m) = i*q(m) - 3*k(m). What is w(-1)?
5
Let x(r) = r**3 - 4*r**2 - 12*r + 12. Let z be x(6). Let j(d) = d**2 - 12*d + 2. Let t be j(z). Let y(l) = -3*l + 3. Give y(t).
-3
Let t(c) = -4*c**2 - 4*c - 26. Let z(h) = -3*h**2 - 3*h - 18. Let k(j) = 5*t(j) - 7*z(j). Let u be 0*(-1)/(2 + -1). What is k(u)?
-4
Suppose -2*m - q = -10, -5*m - 22 = -5*q - 32. Let l(b) be the third derivative of 6*b**2 + 0*b - 1/6*b**3 + 0 - 7/24*b**m. Calculate l(-1).
6
Let h(n) be the second derivative of 4/3*n**3 + 0 + n + 1/180*n**6 + 1/20*n**5 - 1/6*n**4 + 0*n**2. Let k(t) be the second derivative of h(t). Give k(-5).
16
Let l(q) = 7*q**2 - 7*q + 6. Let d(v) = -8*v**2 + 7*v - 6. Let z(b) = -6*d(b) - 7*l(b). Calculate z(4).
6
Let b = 12 - 15. Suppose -5*o = 4*c - 32, 4*c - c - 1 = 2*o. Let y(p) = 0 + 0 + 5*p - c + 5. Give y(b).
-13
Let i(d) be the third derivative of -d**6/60 - d**5/15 - d**4/6 - d**3/2 + 4*d**2 - 48*d. Give i(-2).
5
Let l(b) be the third derivative of -b**6/120 - b**5/30 + b**4/24 + b**3/6 + b**2. Suppose 0 = -2*f + 111 - 19. Suppose -f*r = -41*r - 10. Give l(r).
-13
Let k(m) = -m**3 - 15*m**2 + 13*m - 8. Suppose -784 = -17*j + 66*j. Determine k(j).
40
Let i(j) = j**3 + j**2 - j - 2. Let c(s) = -s**2 - 2. Let m(l) = -2*l. Let x be m(0). Let h be c(x). Let n be i(h). Let u(v) = v**2 + v + 1. Calculate u(n).
13
Let m(v) = -2*v**3 + v + 1. Let h be m(-1). Let c(g) = 5 + 13*g - 25*g - g**h + 16*g. What is c(6)?
-7
Suppose 0 = -0*l + 2*l + 2*f - 10, 0 = 2*f - 4. Suppose l*c - 6 = -0*c. Let d(t) = -2*t - c + 5 + 1 - 2. Give d(2).
-2
Suppose -l + 4*v + 16 - 2 = 0, 4*l + 7 = -5*v. Let n(i) = 0*i - i**2 + 4*i + 0*i + 2 + 0*i**l. Calculate n(-3).
-19
Suppose 12*i - 93 = 43*i. Let d(r) = r + 2. Calculate d(i).
-1
Let l be ((-10)/12)/((-240)/144). Let n(r) be the first derivative of 2 + 5/4*r**4 - 1/3*r**3 + l*r**2 + r. Determine n(-1).
-6
Let c be 2 - 5/(-4 + -1). Let p(w) = -c + 0 + 3 + 3*w. What is p(5)?
15
Let l(b) = b**2 + 6*b + 5. Let z(d) = -5*d**2 - 25*d - 19. Let i(o) = -9*l(o) - 2*z(o). What is i(6)?
5
Let q(d) be the first derivative of 0*d**2 + 21 - d - 4/3*d**3. What is q(1)?
-5
Let j(p) be the second derivative of 7/2*p**2 + 1/12*p**4 + 7/6*p**3 + 0 - 19*p. Suppose 4*o + 0*o + 30 = -2*d, 4*o - d = -21. Give j(o).
1
Let g = 41 - 36. Let c(t) = -5*t**2 + 5 + 0*t**2 + 3*t + 4*t**2. Determine c(g).
-5
Let l(a) = -a**3 - a**2 - a. Let c(h) = -8*h**3 - 2*h**2 - 6*h - 4. Let p(o) = c(o) - 6*l(o). Calculate p(2).
-4
Let u(a) = a. Let l(o) be the second derivative of -o**4/6 + 11*o**3/6 + 3*o**2/2 + 9*o. Let j(z) = l(z) - 6*u(z). Determine j(4).
-9
Let s(a) = 3*a + 2. Let n be -14*((-4)/14)/(20 - 21). What is s(n)?
-10
Let n(d) = -d**3 - 8*d**2 - 5*d + 5. Let k(r) = -10*r - 13. Let q be k(-5). Suppose 9 = 4*y + q. Give n(y).
-9
Let x be 13/(-3) + (-175)/(-21) + -9. Let h(k) = -k**3 - 5*k**2 + k + 1. Give h(x).
-4
Suppose -31*y + 37*y + 6 = 0. Let v(o) = -15*o - 9. Calculate v(y).
6
Let l be -3 + 750/70 + (-4)/(-14). Let s(u) = 13*u + 15. Let c(g) = -16*g - 16. Let b(f) = 5*c(f) + 6*s(f). Calculate b(l).
-6
Suppose -17 = w - 4*b, -3*w - 3*b - 23 - 13 = 0. Let a(v) = 3*v + 43. Let c be a(w). Let p(r) = -2*r**2 + 6*r - 1. Determine p(c).
-9
Let g(p) = -27*p. Let w = -363 - -362. Calculate g(w).
27
Let z(a) = a**3 + 9*a**2 + 9*a - 4. Let x(t) = -4*t - 4*t + t + 5*t - 22. Let i be x(-7). Calculate z(i).
-12
Let w(k) be the first derivative of -k**3/3 + 13*k**2/2 - 9*k + 37. Give w(10).
21
Suppose 48 = -39*j + 31*j. Let i = -25 + 18. Let y be (j/(-7))/((-1)/i). Let p(h) = h - 4. Calculate p(y).
2
Let c(h) = 3*h - 31. Let a be c(13). Suppose 2 = r, 0 = 3*d + d - 4*r + a. Let s(k) = 264*k - 266*k - 7 + d. Determine s(-6).
5
Let n(o) = -o**3 + o + 1. Let z(l) = -3*l**3 - 5*l**2 + 5*l + 7. Let u(a) = 4*n(a) - z(a). Determine u(3).
12
Let m(w) be the second derivative of w**5/20 + w**4/3 - w**3/3 + w**2 - 22*w. Suppose -n +